 base 8, what is -24662332 - 4?
-24662336
In base 4, what is -133021300 + -22031?
-133103331
In base 10, what is -79640 - 6432?
-86072
In base 10, what is -6 - -33096415?
33096409
In base 12, what is 1 - -bb7b412?
bb7b413
In base 10, what is 18 + 29249958?
29249976
In base 15, what is 39 + 9552dc?
955326
In base 14, what is 228b1 + -51?
22860
In base 13, what is 1653bab4 - -2?
1653bab6
In base 3, what is -12221010002220221 - 0?
-12221010002220221
In base 7, what is -2 + -162152543?
-162152545
In base 2, what is -1011001 + 1011001000110101?
1011000111011100
In base 7, what is 1062 - 1523501?
-1522406
In base 2, what is 1011011000 + 10101110110?
100001001110
In base 11, what is 16 - -133085?
1330a0
In base 4, what is 3032103 + 1100133?
10132302
In base 2, what is -101101100 + 1000010010111101011?
1000010010001111111
In base 7, what is 11 - -13562410?
13562421
In base 5, what is -3324233 + -1212?
-3331000
In base 6, what is 104352205 - 3?
104352202
In base 8, what is 6246343 + 21?
6246364
In base 9, what is -30 - 37318708?
-37318738
In base 3, what is -10122110001221222 + 102?
-10122110001221120
In base 12, what is -82 - -859a?
8518
In base 3, what is 10 + 1001100010022010?
1001100010022020
In base 13, what is -223 - -1357b2?
13558c
In base 7, what is 53666426 + -63?
53666333
In base 16, what is 608 - 1849?
-1241
In base 10, what is 496530 + 148?
496678
In base 14, what is 1 - 8ca656?
-8ca655
In base 14, what is -2 - -12c8ad?
12c8ab
In base 4, what is 123 - -1201131220?
1201132003
In base 12, what is 17094 - 126?
16b6a
In base 14, what is -105c09 - 3?
-105c0c
In base 16, what is -4533 + 16f9?
-2e3a
In base 2, what is 11010101010010010101101000 + -11?
11010101010010010101100101
In base 8, what is -1234 + 326155?
324721
In base 10, what is 5 - 2570289?
-2570284
In base 7, what is -3624341 - 36?
-3624410
In base 9, what is -28508212 - 5?
-28508217
In base 4, what is 32 - -1100333332033?
1100333332131
In base 6, what is 2230235 + 1020?
2231255
In base 7, what is -21124015 + 101?
-21123614
In base 7, what is -3 + -105564035?
-105564041
In base 10, what is -13 + 7114835?
7114822
In base 16, what is 1592a2 + -3?
15929f
In base 2, what is 1010100011011101 + 11011010?
1010100110110111
In base 5, what is -3444342214 - -32?
-3444342132
In base 10, what is -80 + 4000?
3920
In base 2, what is 1010001001010010101110110 + 100?
1010001001010010101111010
In base 12, what is -a114337 - -2?
-a114335
In base 10, what is -16 + 357230?
357214
In base 3, what is -10212120211110 - -101?
-10212120211002
In base 9, what is -65 - 220130?
-220205
In base 11, what is 95 + -159510?
-159426
In base 6, what is -33013 + 10242?
-22331
In base 7, what is -150566535 - -36?
-150566466
In base 6, what is 151023124 - 5?
151023115
In base 3, what is -10 + 120101122201222020?
120101122201222010
In base 13, what is 163768b - 6?
1637685
In base 14, what is 3 - -111307c?
1113081
In base 6, what is -151325 + -200134?
-351503
In base 16, what is -10b99b - 5f?
-10b9fa
In base 11, what is 677802a + -2?
6778028
In base 13, what is -7561 + -b8b?
-841c
In base 5, what is 4 + -2113140411?
-2113140402
In base 11, what is -5 + -17224707?
-17224711
In base 15, what is -17 + -9784a?
-97862
In base 5, what is -13410 - -1110?
-12300
In base 5, what is 20 - -240043411?
240043431
In base 15, what is 82a4 - -175d?
9a12
In base 6, what is 310 + -420532022?
-420531312
In base 10, what is -3904 - 381?
-4285
In base 12, what is 53015855 - -8?
53015861
In base 4, what is -312113 + -213331?
-1132110
In base 9, what is 0 + -27711706?
-27711706
In base 10, what is 235 + 291970?
292205
In base 7, what is 135215 + -1203?
134012
In base 8, what is 13560007 - 0?
13560007
In base 16, what is -8496 - 2bb?
-8751
In base 15, what is b7ebed - c?
b7ebe1
In base 4, what is 2330302 - 11133312?
-2203010
In base 2, what is 110 + -10101100001000100001001010?
-10101100001000100001000100
In base 8, what is -4234547 + 1?
-4234546
In base 16, what is 23e12a2 - 7?
23e129b
In base 6, what is -143 - -42242400?
42242213
In base 15, what is -36b + -d95a6?
-d9922
In base 4, what is 1121 - -12012112030?
12012113211
In base 4, what is -10 + 303021233132?
303021233122
In base 2, what is -1101110101001101000 - 110001?
-1101110101010011001
In base 14, what is 24962461 - 3?
2496245c
In base 6, what is -3535 + -54314?
-102253
In base 14, what is 7b65 + -1d7?
796c
In base 9, what is 401 - -138727?
140228
In base 5, what is -1004 + -1131444?
-1133003
In base 8, what is -11314 + 4026?
-5266
In base 6, what is -24 - 31321134?
-31321202
In base 9, what is 648 + 75132?
75781
In base 3, what is 0 + -11121211010021020?
-11121211010021020
In base 10, what is -3 + -36797929?
-36797932
In base 12, what is -6 + -1543603?
-1543609
In base 8, what is -17121 - 3102?
-22223
In base 4, what is 0 - 31003331203201?
-31003331203201
In base 13, what is -2b89 + 3bb5?
1029
In base 14, what is -319 + 303c?
2b23
In base 3, what is 211011 + 122100220?
200012001
In base 14, what is -7c87d7 - 35?
-7c882c
In base 6, what is -1002110 + 215130?
-342540
In base 6, what is -422021 + -13103?
-435124
In base 2, what is 111101101010 + 1011000010?
1001000101100
In base 6, what is -1003133322 - -14?
-1003133304
In base 7, what is -24 - -45035456?
45035432
In base 15, what is 26c7 - -39e?
2a76
In base 5, what is 432143303 - -14?
432143322
In base 14, what is -41 - -bb370?
bb32d
In base 8, what is -5512 + 25174?
17462
In base 7, what is 22406651 - 2?
22406646
In base 5, what is -10 - 4441204032?
-4441204042
In base 12, what is -4819619 + 2?
-4819617
In base 14, what is 6ad300 - 0?
6ad300
In base 5, what is -142103343131 + -3?
-142103343134
In base 3, what is -22212 + -2222221120?
-10000021102
In base 12, what is -65486100 + -4?
-65486104
In base 14, what is 0 + 215d699?
215d699
In base 3, what is 111220010101 - -22001?
111220102102
In base 2, what is -10100001010101001110110 + -10000111?
-10100001010101011111101
In base 11, what is -1759221 - 4?
-1759225
In base 10, what is 64 - -8169?
8233
In base 5, what is 121133210 - -10?
121133220
In base 16, what is 735c + d55?
80b1
In base 2, what is -11110001110001101101 - -10010?
-11110001110001011011
In base 15, what is -2c0951 - 0?
-2c0951
In base 13, what is 13bb - -177c8?
18bb6
In base 6, what is 153 + 340435?
341032
In base 5, what is -112321141 - -20?
-112321121
In base 2, what is -10100111010001 + -11100001101?
-11000011011110
In base 5, what is 14 + 1412433444?
1412434013
In base 12, what is -204692 - -7?
-204687
In base 9, what is -5 + -44230715?
-44230721
In base 13, what is -7c0788 - -5?
-7c0783
In base 8, what is 14 + -2502374?
-2502360
In base 8, what is -3 - -307152330?
307152325
In base 15, what is a60d4 + -31?
a60a3
In base 3, what is 112200120 + 10212?
112211102
In base 6, what is -5342 + 13452?
4110
In base 8, what is 12553 - -3057?
15632
In base 8, what is 35 - -30476106?
30476143
In base 7, what is 0 + -15454231?
-15454231
In base 14, what is 5 + -124810c?
-1248107
In base 12, what is -ba22 + 1859?
-a185
In base 10, what is -7817507 - -5?
-7817502
In base 6, what is 50405 + 112234?
203043
In base 3, what is -120020002 - -2000000020?
1102210011
In base 3, what is 2120001 + 2020021201?
2022211202
In base 4, what is -32 + 3021301030302?
3021301030210
In base 11, what is -795641 - 17?
-795658
In base 8, what is -633232 - 30?
-633262
In base 4, what is 220 + -1022222012?
-1022221132
In base 14, what is -9222 - -14?
-920c
In base 12, what is -684b22 + -26?
-684b48
In base 16, what is 16c6835 + 4?
16c6839
In base 8, what is 2 - 26454700?
-26454676
In base 11, what is 4 - 5201a36?
-5201a32
In base 12, what is 1 + 7477210?
7477211
In base 14, what is 119 + -24c6a?
-24b51
In base 6, what is 54 - 2331324?
-2331230
In base 6, what is -304 - 1002451?
-1003155
In base 14, what is 1c - 8991b?
-898dd
In base 8, what is 70274 + -7236?
61036
In base 16, what is -4d - e7f64?
-e7fb1
In base 14, what is -9b7d - -139?
-9a44
In base 16, what is -195 + a138f?
a11fa
In base 11, what is -11385850 - 1?
-11385851
In base 2, what is -1010100000111010 + 11010110?
-1010011101100100
In base 14, what is 2d60367 - -1?
2d60368
In base 7, what is 3041344262 + -4?
3041344255
In base 15, what is eb101 + -5?
eb0eb
In base 15, what is -1c748a6 + 4?
-1c748a2